0111221
Convert 4db9 (base 16) to base 9.
30257
1001101001111000 (base 2) to base 13
14ccb
What is -130012 (base 4) in base 8?
-3406
What is -2181 (base 14) in base 16?
-16a5
What is 36a1 (base 14) in base 8?
22515
What is 36599 (base 10) in base 6?
441235
-111010001111 (base 2) to base 3
-12010001
What is -23231 (base 4) in base 16?
-2ed
What is -12a0 (base 11) in base 14?
-883
Convert -2130332 (base 4) to base 10.
-10046
Convert -1202021111 (base 3) to base 4.
-20122201
Convert -1323b (base 13) to base 9.
-53668
Convert 136 (base 7) to base 9.
84
Convert -15547 (base 8) to base 9.
-10554
16 (base 10) to base 2
10000
-111f (base 16) to base 4
-1010133
What is -21002221 (base 3) in base 5?
-131212
Convert 211200101 (base 3) to base 7.
66130
-341110 (base 5) to base 3
-121111120
26a0 (base 12) to base 2
1000101011000
-492 (base 16) to base 12
-816
151 (base 9) to base 10
127
Convert -12705 (base 10) to base 8.
-30641
Convert -3214 (base 5) to base 6.
-2002
What is -11303 (base 4) in base 6?
-1415
2a63 (base 13) to base 11
46a5
Convert 3b51 (base 13) to base 9.
12612
What is 12312020 (base 4) in base 14?
a30c
What is -14c5d (base 14) in base 7?
-304046
What is -bb (base 12) in base 9?
-168
What is -3018 (base 12) in base 3?
-21010202
What is 117 (base 14) in base 11?
188
Convert -4342 (base 5) to base 12.
-419
Convert -507 (base 14) to base 4.
-33123
17981 (base 11) to base 3
1021110222
What is -e8d (base 15) in base 6?
-23111
What is 220344 (base 6) in base 2?
100011101101000
What is -2105 (base 12) in base 16?
-e15
Convert -1ff (base 16) to base 3.
-200221
Convert -3053 (base 10) to base 7.
-11621
What is 51b (base 13) in base 4?
31211
-2455 (base 7) to base 6
-4134
What is -1646 (base 7) in base 6?
-3035
10133 (base 10) to base 16
2795
4b3 (base 12) to base 3
222100
3102 (base 4) to base 14
110
Convert 511112 (base 6) to base 8.
116764
2e0 (base 16) to base 12
514
-34a (base 13) to base 12
-3b5
Convert 18b4 (base 13) to base 7.
13530
Convert -10018 (base 12) to base 4.
-11010110
-649 (base 11) to base 16
-30b
-8c2 (base 16) to base 8
-4302
What is -4463 (base 8) in base 16?
-933
-172 (base 14) to base 13
-19a
What is 5567 (base 8) in base 15?
d0a
What is -1201202 (base 3) in base 6?
-5502
4441 (base 6) to base 3
1102021
Convert 1ec (base 15) to base 13.
285
What is 101212 (base 6) in base 8?
17610
What is -1051 (base 7) in base 3?
-112001
921 (base 14) to base 11
1390
Convert -6936 (base 11) to base 10.
-9114
-252 (base 11) to base 10
-299
1107 (base 8) to base 11
490
What is -13521 (base 6) in base 2?
-100001011001
Convert -11544 (base 10) to base 15.
-3649
What is 62744 (base 9) in base 3?
2002211111
23c95 (base 13) to base 12
32147
81 (base 16) to base 8
201
Convert -21a6 (base 12) to base 9.
-5100
Convert -214004 (base 6) to base 11.
-12346
47331 (base 8) to base 16
4ed9
27d (base 14) to base 6
2155
14a (base 13) to base 5
1411
What is 14245 (base 6) in base 4?
203111
What is -101020 (base 3) in base 6?
-1140
Convert -28021 (base 9) to base 7.
-106213
What is 514 (base 6) in base 2?
10111110
-40444 (base 5) to base 9
-3535
Convert 12112 (base 5) to base 8.
1613
Convert 466a (base 12) to base 9.
11701
Convert 13140 (base 5) to base 16.
415
-6731 (base 15) to base 11
-15483
What is -13b2 (base 13) in base 2?
-101100100001
Convert 420 (base 10) to base 9.
516
3abc (base 16) to base 11
1032a
-174 (base 14) to base 8
-452
101110100000 (base 2) to base 12
1880
-317 (base 16) to base 4
-30113
What is -88778 (base 9) in base 7?
-333614
What is 226 (base 13) in base 5?
2440
Convert -284 (base 9) to base 6.
-1034
What is 1451 (base 10) in base 12?
a0b
Convert -26212 (base 10) to base 9.
-38854
1002122 (base 3) to base 5
11200
What is 5b55 (base 15) in base 10?
19430
What is 2cd (base 14) in base 13?
351
-136705 (base 8) to base 15
-e5db
15021 (base 12) to base 15
8aa1
Convert -fa (base 16) to base 3.
-100021
-1101010011010100 (base 2) to base 11
-37a31
-1011001000101011 (base 2) to base 13
-179b7
2a7 (base 16) to base 13
403
-64572 (base 8) to base 3
-1101001002
614 (base 8) to base 7
1104
1012 (base 5) to base 6
340
What is -1971 (base 14) in base 7?
-16301
Convert -1288 (base 10) to base 14.
-680
-13002 (base 4) to base 11
-37a
Convert -33471 (base 10) to base 4.
-20022333
-1012020 (base 3) to base 14
-462
-140a1 (base 15) to base 12
-31244
-3332 (base 7) to base 2
-10010101111
What is -11133 (base 6) in base 15?
-6e9
What is 8366 (base 9) in base 3?
22102020
What is 22452 (base 11) in base 8?
77345
Convert 332002 (base 4) to base 5.
111340
61000 (base 9) to base 12
1b253
What is 1026b (base 12) in base 6?
241415
What is 274 (base 8) in base 7?
356
Convert -11111110110100 (base 2) to base 16.
-3fb4
Convert -1340 (base 7) to base 16.
-206
What is -101010100 (base 2) in base 7?
-664
Convert 19b7 (base 12) to base 13.
1594
230313 (base 4) to base 6
21143
345261 (base 7) to base 12
2b989
What is -28a (base 15) in base 16?
-244
-56aa (base 11) to base 10
-7501
-100100011001 (base 2) to base 12
-1421
What is 110010110001 (base 2) in base 6?
23013
303 (base 4) to base 6
123
Convert -111052 (base 7) to base 5.
-1111323
Convert 15110 (base 6) to base 12.
1496
Convert 3cc (base 13) to base 15.
300
33a (base 11) to base 4
12112
What is 22223 (base 4) in base 9?
838
Convert 30011 (base 4) to base 6.
3325
Convert -215627 (base 8) to base 10.
-72599
Convert -5106 (base 7) to base 10.
-1770
What is -6160 (base 10) in base 4?
-1200100
-383 (base 16) to base 3
-1020022
100001111 (base 2) to base 12
1a7
-65a (base 15) to base 2
-10110011011
What is c62 (base 13) in base 11?
1647
Convert -18a1 (base 13) to base 2.
-111001100000
Convert -2609 (base 11) to base 8.
-6505
-624 (base 12) to base 2
-1101111100
Convert 71337 (base 8) to base 6.
344051
121324 (base 6) to base 13
4b49
-4152 (base 7) to base 16
-5b2
What is -12210020 (base 3) in base 8?
-10172
Convert -23aa (base 11) to base 6.
-22321
What is -7c6 (base 13) in base 9?
-1754
What is -9576 (base 16) in base 10?
-38262
What is -192c (base 15) in base 14?
-1daa
What is 100012 (base 3) in base 16?
f8
What is 1456 (base 7) in base 4?
21010
What is 38989 (base 10) in base 12?
1a691
Convert 40a (base 12) to base 11.
493
Convert 4 (base 13) to base 8.
4
Convert 4451 (base 6) to base 10.
1039
What is -91 (base 14) in base 9?
-151
What is 1781 (base 14) in base 7?
15221
-31034 (base 11) to base 8
-130353
-24b4 (base 14) to base 2
-1100100011110
What is 3138 (base 10) in base 13?
1575
-1063 (base 13) to base 10
-2278
-c102 (base 15) to base 2
-1001111100010111
What is -11687 (base 12) in base 7?
-125212
Convert 3010 (base 7) to base 5.
13121
-a0d (base 16) to base 7
-10334
216 (base 16) to base 11
446
-546 (base 11) to base 10
-655
-63be (base 15) to base 13
-97b5
-3044 (base 5) to base 8
-617
Convert 2301212 (base 4) to base 7.
45065
288 (base 11) to base 13
200
-7cc (base 15) to base 9
-2373
What is -1ec (base 15) in base 5?
-3242
What is -205304 (base 6) in base 13?
-7810
Convert -13e6 (base 16) to base 12.
-2b46
What is -530 (base 9) in base 6?
-2000
Convert -d48 (base 16) to base 10.
-3400
-331 (base 6) to base 13
-9a
Convert -9006 (base 12) to base 9.
-23306
Convert -1221022 (base 3) to base 12.
-998
What is 4238 (base 16) in base 7?
100265
-97 (base 15) to base 12
-ba
Convert e12 (base 15) to base 5.
100132
What is 5ab (base 12) in base 16?
353
Convert -2443 (base 6) to base 13.
-375
Convert 18a (base 13) to base 12.
1b7
What is -14e (base 16) in base 5?
-2314
Convert -112401 (base 5) to base 9.
-5556
What is -16b (base 14) in base 7?
-564
Convert -35 (base 11) to base 12.
-32
Convert 223156 (base 7) to base 13.
14cc2
-a70 (base 16) to base 2
-101001110000
What is -244 (base 13) in base 12?
-28a
b3 (base 16) to base 7
344
What is 711 (base 8) in base 11?
386
100322 (base 4) to base 7
3104
11102010 (base 3) to base 9
4363
2260 (base 8) to base 2
10010110000
Convert 9 (base 13) to base 4.
21
a3d (base 14) to base 6
13155
11200 (base 3) to base 7
240
Convert a634 (base 12) to base 16.
4708
What is -2011111 (base 3) in base 16?
-62b
Convert -754 (base 10) to base 11.
-626
What is -3632 (base 8) in base 13?
-b69
What is -2222200 (base 3) in base 7?
-6231
What is 15619 (base 12) in base 4?
13120311
-701 (base 15) 